. What is the greatest common divisor of 4 and u?
2
Let k = -1891 + 1955. What is the greatest common divisor of 3776 and k?
64
Let j(y) = -155*y + 159. Let f be j(1). Calculate the greatest common factor of 5 and f.
1
Let h be -3 + 19 - -1*4. Suppose -2*a + 0*a = -h. What is the greatest common factor of a and 10?
10
Let b = -77 + 157. Suppose 3*z + b = 5*k, 0 = k - 0*k + 3*z + 2. Calculate the highest common factor of 91 and k.
13
Let r be 6 + -2 - (12 + -12). Suppose y = -5*d + 23, 2*y = 4*d + r*y - 22. What is the greatest common factor of 2 and d?
2
Suppose 0 = 4*i - 3*t - 561 - 998, -3*t = 5*i - 1969. What is the greatest common factor of i and 16?
8
Suppose 210*s + 836 = 229*s. Calculate the greatest common divisor of s and 22.
22
Suppose 11*d - d - 440 = 0. Let p be -1210*(0/(-2) + 8/(-20)). Calculate the highest common factor of p and d.
44
Let s = 6 + 18. Let t(w) = 15*w - 321. Let v(o) = 8*o - 159. Let r(n) = -3*t(n) + 5*v(n). Let g be r(0). Calculate the highest common factor of g and s.
24
Suppose 2 = 3*s - 34. Let x be 105/28*s/9. Let h = 21 + -1. Calculate the greatest common factor of h and x.
5
Let x be 3/(1*(-6)/(-8)). Let o = 7 - 11. Let r be o*((-12)/8)/3. What is the greatest common divisor of x and r?
2
Let m(p) = -p + 5. Let s be m(0). Suppose -2 = 15*i - 677. What is the greatest common factor of i and s?
5
Let f be 0/(-14) - (0 - 66). Let m be 192/9 + 4/6. What is the greatest common divisor of m and f?
22
Suppose 0 = y + 4*x - 20, 0 = -3*y - 3*x + 11 + 49. Let f(j) = -j**3 - 4*j**2 + 8*j + 6. Let l be f(-6). What is the highest common factor of l and y?
10
Let k(r) = -108*r - 3. Let d be k(-4). What is the greatest common factor of d and 39?
39
Suppose -10*t = -5*t + 2*o - 4188, -3*o = t - 848. Calculate the greatest common factor of t and 44.
44
Let z be -1 + (6/(-3))/2 - -12. Calculate the highest common factor of 20 and z.
10
Let o(a) = -65*a - 307. Let s be o(-5). Suppose 2*c = -3*c + 720. Calculate the highest common divisor of c and s.
18
Let k be 303/15 + 8/10. Suppose -5*b + 191 = k. Calculate the highest common factor of b and 17.
17
Let p = -132 - -143. Calculate the highest common factor of 77 and p.
11
Suppose 0 = 10*h - 334 + 74. Let s = -108 + 160. What is the greatest common factor of s and h?
26
Let v(z) = -2*z**2 + 58*z + 24. Let x be v(17). What is the greatest common divisor of x and 54?
54
Let c = -13 + 13. Suppose -p = -c*p - 2. Let i be 16/p - (18 + -17). Calculate the greatest common factor of 35 and i.
7
Let w(g) = 2*g**3 - 9*g**2 - 7*g + 10. Let f be w(5). Suppose f = 13*b - 221 - 416. Calculate the greatest common factor of 490 and b.
49
Let r = -13 + 24. Suppose 0 = 8*x + r - 75. What is the greatest common divisor of x and 24?
8
Let f(l) = -10*l**2 - 10*l**2 + 21*l**2 + 6. Let c be f(0). Suppose -c*v + 63 = -5*v. Calculate the highest common factor of v and 9.
9
Suppose 4*v = 20, -2*v + 142 = -5*r + 482. Let d(w) = w**2 + 11*w - 4. Let q be d(-9). Let a = q + r. What is the greatest common divisor of a and 6?
6
Let w = 296 + -195. Let u = -79 + w. What is the highest common divisor of 4 and u?
2
Suppose -4*r = -8 - 36. Suppose 17 = r*o - 247. What is the highest common factor of 6 and o?
6
Suppose -7*r + 3*m = -2*r, -2*r + 5*m = 0. Suppose -8*h + 12*h - 544 = r. What is the highest common divisor of 17 and h?
17
Let c = -748 + 762. What is the highest common divisor of 1197 and c?
7
Let p = -82 + 137. Let y = p - 48. What is the highest common divisor of y and 77?
7
Let d(h) = h**3 - 8*h**2 + 11*h - 73. Let m be d(8). What is the highest common divisor of m and 42?
3
Suppose -t = v - 37, -5*t + 3*v + 82 = -95. What is the greatest common divisor of t and 300?
12
Let y = 135 + -65. Let c be (-10)/14 + (-20)/y. Let z be (c*(3 - 13))/2. Calculate the greatest common factor of 5 and z.
5
Suppose 12 = 5*i + 2. Let g be i + (-303)/(-3) + -4. What is the greatest common divisor of g and 11?
11
Let p(l) = l**2 - 5. Let u be p(5). Let m = 379 + -159. What is the greatest common factor of u and m?
20
Let u(n) = -2*n**2 + 12*n - 12. Let d be u(4). Suppose -1377 = -5*m - 4*i, -m + d*m - 5*i = 804. What is the greatest common factor of m and 21?
21
Suppose 52 = -5*a - m, -a + 38 = -4*a - 4*m. Let u = a - -13. Let i(g) = -3*g - 9. Let f be i(-8). What is the highest common factor of u and f?
3
Let q(y) = -7*y - 2. Let c be q(-5). Let v(f) = -38*f - 7. Let r be v(-3). Let d = r + -85. What is the highest common factor of d and c?
11
Suppose 0 = 5*b - 568 + 143. Let f(h) = h**2 - 34*h + 331. Let m be f(14). What is the highest common divisor of m and b?
17
Let x(w) = -5 + 1 - 15 - 17*w - w**2 + 38*w. Let o be x(13). What is the greatest common factor of 17 and o?
17
Suppose 0 = 5*h + 4*v - 61, h + h + 4*v = 34. Let n be 37 + 0 + (-1 - 1). Let y = -34 + n. What is the highest common divisor of h and y?
1
Let b = 26 + -15. Let k be 0 + -34*22/4. Let x = k - -308. Calculate the greatest common factor of x and b.
11
Let t(a) = a**2 + a + 2. Let l be t(0). Suppose 58*d - 2*k - 44 = 55*d, 61 = 2*d + 5*k. Calculate the highest common factor of l and d.
2
Let v(r) = r**2 - 2*r + 1. Let f be v(1). Suppose -2*y = 2*i + 3*i + 45, y = -5*i - 35. Let c = f - y. What is the highest common divisor of c and 10?
10
Suppose -7*z = -10*z - 9, -t + 4*z + 285 = 0. What is the highest common factor of t and 78?
39
Suppose 35 + 193 = 3*x. Let u(p) = 17*p - 440. Let t be u(27). What is the highest common divisor of t and x?
19
Let g(o) = o**3 - o**2 + o + 3. Let n be g(0). Let q(u) = -67*u + 32*u - 3 + 34*u + 16. Let p be q(n). Calculate the greatest common factor of p and 25.
5
Let k(i) = 16*i - 49. Let o be k(3). Let u = -77 + 141. Let c be (o + 3 - 1)*u. What is the greatest common divisor of c and 16?
16
Let h be (12/1)/(1/((-24)/(-9))). Suppose 4*t = -10 - 22. Let l = t - -24. Calculate the highest common factor of l and h.
16
Let l be 5/(0 + 1 + 0). Let m be (-5 - -6)/(2/30). Calculate the greatest common divisor of l and m.
5
Let t(z) = 2*z + 85. Let l be t(-29). Calculate the highest common factor of l and 1.
1
Let n(f) = -37*f - 15. Let y be n(-6). Let c = y + -171. Let o(h) = -h**3 + h - 2. Let d be o(-2). Calculate the greatest common divisor of c and d.
4
Let z = 141 + -140. Let a(x) = 68*x + 9. Let m be a(z). Calculate the highest common factor of 11 and m.
11
Let q(j) = -j. Let s be q(1). Let o be (-9)/((s/(-19))/(-1)). Suppose 3*v = 12, -3*d + 4*v - 3*v = -53. What is the greatest common factor of d and o?
19
Let w be ((-12)/24)/(2/(-16)). Suppose -4*d + w = -3*d. Let r be 6 + (-1 - (-1 - d)). What is the highest common factor of 80 and r?
10
Let i = 1597 + -1471. Calculate the highest common factor of i and 54.
18
Let o be (1554/126)/(3/288). Calculate the highest common divisor of 8 and o.
8
Suppose -5*a - 30 = 65. Let d = a - -4. Let p be (-1)/3 - 20/d. Calculate the greatest common divisor of 9 and p.
1
Let b = -10 - -13. Suppose b*a + 4*w - 98 = 0, 0*w + 2*w = -2*a + 62. What is the highest common divisor of a and 260?
26
Suppose -5*g + 35 = 10. Suppose x = 2*b - 48, g*x = 6*b - b - 120. Calculate the highest common divisor of 216 and b.
24
Suppose z + 0*z = 3*x + 19, -14 = -z + 2*x. Suppose v + 876 = z*k, 0 = -5*k + v + 1447 - 351. What is the greatest common factor of k and 20?
20
Let y be ((-6)/(-4))/((126/16)/21). Let i = -2 - -1. Let d be (1/(-3))/(i/6). What is the highest common divisor of d and y?
2
Suppose -2*t - 56 = -10*t. Suppose -30 = -t*g + g. Let f = 7 + g. What is the greatest common factor of 36 and f?
12
Let q be 4*4*3/4. Let s(m) = 5*m + 8. Let n be 1/(-2) + (-17)/(-2). Let c be s(n). What is the highest common factor of c and q?
12
Suppose 2*u - 24 = -u. Suppose -4*j - u = -p, 0 = j - 0 - 1. Let w be 866/4 + p/(-24). Calculate the greatest common factor of w and 24.
24
Let w = 42 + -42. Suppose w = m + 10 - 17. What is the greatest common factor of 28 and m?
7
Suppose 59 - 114 = -11*f. Let n = -9 + 13. Suppose 2*k - 100 = -k - 4*b, f*k - 164 = -n*b. What is the greatest common factor of 288 and k?
32
Let z be (20*14/(-210))/(8/(-6)). Suppose 32 = 3*p + p. Calculate the greatest common factor of z and p.
1
Suppose 3*o - 186 = -0*w + 3*w, 2*w + 2 = 0. Suppose o = 4*b - 79. Suppose 5*q - 